 is the value of 2 + 9 + -10 + 1 + 1?
3
What is (6 - 3) + (-2 - 4)?
-3
Evaluate -5 - (-15 + (11 - 1)).
0
Evaluate 8 + -3 + -2 - 9.
-6
What is -6 + -4 + -7 + 17?
0
What is the value of (6 - (4 - 2)) + -1?
3
What is the value of 31 + -19 + -13 - (0 - -1)?
-2
What is 11 + -4 - (8 + 1)?
-2
4 + -4 + 2 + -5 + 1
-2
What is 1 + -4 - (1 + 4 - 11)?
3
What is 46 + -47 + (3 - (0 + -2))?
4
Calculate (0 + 0 - (11 - 5)) + 10.
4
(-1 + 1 - (9 - 2)) + 2
-5
Calculate 4 + 0 + (10 - 16).
-2
Evaluate -1 + (1 - (8 + -5)).
-3
6 + -4 + (14 - 3) + -7
6
36 - 33 - (0 - -1)
2
What is 1 - (4 + (6 - 14) - 1)?
6
(-24 - -3) + 10 + 0 + 7
-4
(-2 + 8 + -6 - -3) + -13
-10
What is (6 - (5 - (-6 - -1))) + -2?
-6
Calculate 6 + 0 + -5 + 2 + 5.
8
(-1 - -10 - -1) + -4
6
Calculate -6 + 16 + (-2 - 4).
4
What is 2 - (1 + (-7 - -4))?
4
Calculate -7 + (-2 - -2) + 7.
0
What is the value of 2 + -6 + 7 + (0 - 5)?
-2
What is (3 - (-5 + 14)) + 2?
-4
Calculate -5 - 3 - (-1 - (-1 + 3)).
-5
What is -17 + (5 - -23) - (8 + 0)?
3
What is (-3 - (5 - 2)) + 2?
-4
0 - (0 - -5) - (6 + -14)
3
What is the value of -4 - (-13 - (-4 - -1))?
6
Calculate 8 - ((-11 - 1) + 22).
-2
What is (-4 - -3) + 2 + -3 - -6?
4
What is the value of (-2 - -4) + (-1 - 0) + 3?
4
Calculate -11 + 2 + 0 + 2.
-7
What is -21 - -29 - (4 + 0)?
4
(4 - 5) + -5 + 3 - -6
3
What is the value of (-14 - (-10 - 2)) + -8 + 0?
-10
Calculate -13 + 20 + -13 - (-14 - -1).
7
4 + (-4 - (2 - 4)) - 6
-4
Calculate -17 - -17 - (0 + 1 - -3).
-4
Calculate 0 + 2 + (-6 - 6 - -5).
-5
Calculate (-2 - -1) + 8 + (-72 - -58).
-7
What is the value of 0 + 7 + (4 - 7)?
4
Calculate (-4 - -1 - (49 - 49)) + 12.
9
0 - (5 + (-2 - 8) + 2)
3
Calculate -27 + 32 - (0 - (-2 + -1)).
2
16 - (-1 + 1) - (-1 - -6)
11
What is the value of (-81 - -88) + (0 - 5)?
2
What is (-46 - -50) + -4 + -1?
-1
Evaluate (0 - (1 - 3)) + (-11 - -8).
-1
(5 - (0 - 1)) + -1
5
Calculate 4 + (1 - 3) + -3 + 5.
4
What is the value of (0 - 3 - -3) + 3?
3
Evaluate -2 + (3 - (-2 - (4 + -3))).
4
What is -5 - ((-2 + -4 - 2) + 1)?
2
Calculate (-2 - (4 + 2 - 4)) + 8.
4
What is the value of (-8 - -19 - 10) + 5?
6
Calculate (-7 - -1) + 12 + -11.
-5
-3 + (-6 - (1 - 6))
-4
What is 4 + (-4 - -4) + 1 + -3?
2
Calculate (-5 - (-16 + 4)) + -3.
4
10 + (1 + 6 - 13)
4
What is the value of -15 + 12 + (2 - -3 - 3)?
-1
(-10 + 15 - 7) + 7
5
What is -4 + 2 - (-10 + 6)?
2
What is the value of 4 + -1 + (15 - 12)?
6
What is -1 + 3 + (-6 - -4 - -3)?
3
What is -7 + 5 + (1 - 3)?
-4
What is (0 - (0 + 4)) + 7?
3
Evaluate 2 - -1 - (-13 - -8).
8
Calculate 5 + 6 + -12 + -1.
-2
Evaluate (0 - 2) + (31 - 32).
-3
What is the value of -303 + 306 + (-1 + 0 - -3)?
5
Calculate 0 - -3 - (50 + -44).
-3
What is the value of -8 + 14 - 9 - (0 - -1)?
-4
(-6 - (5 - 7)) + (0 - -2)
-2
What is (-2 - 13) + 19 + -11?
-7
What is the value of 0 + (0 + 4 - 1) + -2?
1
What is 0 + 4 - (9 - 3)?
-2
3 + (-6 - 3) + 7 + 0
1
(7 - 6) + (-1 - (0 - 2))
2
What is -2 - 2 - (2 + -7)?
1
-5 + 5 + -5 + 6
1
What is the value of (43 - 40) + (1 - 5)?
-1
What is the value of -1 + (5 - 2) + (9 - 6)?
5
Calculate -3 + 2 + 0 + 5.
4
What is the value of (-1 - 3) + -16 + 16?
-4
Calculate (-4 - -5) + -3 + (1 - -1).
0
What is -3 + (6 - (-2 - (-2 + 1)))?
4
What is the value of 2 + 5 + -14 + (0 - -6)?
-1
What is (3 - 2) + 7 - (0 - -2)?
6
Calculate 4 - ((3 - (5 - 2)) + 2).
2
Calculate -3 + (-7 - (-2 - 5)).
-3
What is the value of (7 - 9 - (-2 - 1)) + -3?
-2
What is (57 - 51) + 1 + 0?
7
Evaluate -7 + 7 + 5 + -7 + 0.
-2
What is the value of -6 + -2 + (56 - 47)?
1
(3 - -5) + (1 - 6)
3
8 - 10 - (-25 - -14)
9
Evaluate 4 - (1 - (-7 + 8)).
4
(-7 - (6 - 5)) + 4
-4
What is -7 + 6 + -3 + 0 + 3?
-1
Evaluate -2 + 3 + -3 + -3.
-5
(1 - 2 - 3) + 3
-1
Calculate (-2 - 0) + 0 - (3 - 4).
-1
11 + (7 - (14 + -2)) - 6
0
Calculate (2 - 0) + (5 - 4).
3
What is 6 + (-1 + -3 + -1 - -2)?
3
3 + (6 - 4) + (-1 - 2)
2
Evaluate 2 + 9 + -24 + 8.
-5
120 + -115 + -5 + 1 + 1
2
Calculate (-9 - (-20 + 7)) + 4.
8
What is (128 - 147) + (8 - -1)?
-10
Calculate 2 - (-1 + 4) - 1 - -9.
7
What is (13 - 10) + -1 + -4?
-2
Evaluate -1 + 0 - (33 + -30).
-4
Evaluate 37 - 39 - (-2 - -1).
-1
What is the value of -1 - -3 - (5 + -3)?
0
What is (3 - 1 - -5) + -7?
0
What is the value of -6 + 3 + 3 - 4?
-4
Calculate -8 + 17 + 7 - 9.
7
-6 + 2 + (-18 - -13)
-9
Calculate 2 + (35 - 41) + 2 + -1.
-3
What is 45 - 38 - (0 + 3)?
4
Evaluate 3 - (3 + 7) - -4.
-3
Evaluate 0 + (-7 - -17) + -16.
-6
-9 + 11 + -4 + -2
-4
(6 - (-1 + -3)) + -1 - 3
6
5 - (-4 - -1 - (6 + -14))
0
What is the value of (-4 - 1) + 10 - 3?
2
10 - 7 - (0 + 3)
0
What is the value of (29 + -33 - (-3 + -1)) + 0?
0
Calculate -1 + 4 + -3 + -3.
-3
What is the value of (3 - 8) + 1 - -2 - -3?
1
Calculate -5 + 2 + 3 + 5 + -5.
0
What is the value of 3 + (4 + -5 - -4)?
6
What is 0 + (6 - 14) + 5?
-3
What is 34 + -39 - (-8 - -1)?
2
What is the value of (8 - (2 + 1)) + -1?
4
2 + -2 + -19 + 16
-3
What is -1 - (-5 - (-10 - 0) - 0)?
-6
What is the value of -7 - -3 - (1 + -6 - -4)?
-3
-5 + (6 + -1 - (-47 + 53))
-6
What is the value of 3 + -6 + -2 - -6?
1
What is the value of 1 + (0 - 5) - (36 - 35)?
-5
What is the value of 2 + -5 + (10 - 6) + -6?
-5
What is -2 + (-11 - 0) + 12?
-1
-1 + 3 + -7 + 4 + -5
-6
Evaluate -5 + 3 + -2 - (12 - 15).
-1
Evaluate 2 - 1 - (2 - (-2 + 3)).
0
Evaluate -5 - (-12 - 0 - -4) - 4.
-1
Calculate -7 + (4 - 3) + 0 + 2.
-4
What is the value of 19 + -8 + (-5 - -11) + -12?
5
Calculate 2 + 2 + (8 - 13) + 4.
3
(2 - 3) + -4 + -5 + 6
-4
What is 3 + 0 + (-10 - -16)?
9
What is the value of (-3 - -7) + (0 - -1)?
5
What is the value of 7 - (4 + 3 + 1 + 9)?
-10
Evaluate -84 - -74 - (1 - 7).
-4
What is the value of -4 + (16 - 5) + -3?
4
Calculate 10 + -3 + -5 - 2.
0
Evaluate -4 + (4 - (0 + -2 + 4)).
-2
Calculate (-11 - 0) + -5 + 3 - -5.
-8
Calculate (-9 - -4) + 1 - (9 + -13).
0
What is the value of 0 - 5 - (1 - 1)?
-5
Evaluate 6 - (9 - (-5 - -10) - 3).
5
What is (-11 - -6) + 2 - 2?
-5
1 + 8 - (-20 + 23)
6
What is 8 - (3 - (-8 - (7 + -11)))?
1
What is the value of -18 + (-10 - -14) + 8?
-6
(-3 - (3 - 5)) + -1 - -1
-1
14 - 2 - (91 + -78)
-1
What is 4 - (-1 + 4) - (6 + -3)?
-2
(-1 - (-11 - -1)) + 0
9
-4 + 6 - (1 + (-2 - -3))
0
Calculate (1 - (15 + -9)) + 3.
-2
What is -9 + 11 + 4 + 2?
8
What is the value of 1 - (-5 + (-1 - -2))?
5
Evaluate 1 + -3 + (10 - 2) + -4.
2
What is 8 - (11 + 5 + -8)?
0
What is the value of 2 - (-6 - (-4 + 1))?
5
1 + -1 + (11 - 11) + -3
-3
What is 1 + (1 - (1 + -1))?
2
Evaluate -1 + -5 + 2 - -4.
0
What is the value of -2 - (7 - 5) - (-3 + 1)?
-2
Evaluate -3 + (-3 + -2 - (2 - 12)).
2
What is 5 + -8 + 12 + -13?
-4
What is the value of (15 - 2) + (13 - 18)?
8
What is -59 - -68 - (1 + 1)?
7
Calculate -3 + 3 - (11 - 13).
2
Calculate -2 - 0 - (-15 - -18) - -12.
7
Calculate -4 - (5 - 1 - 7) - -4.
3
What is 5 + (0 - 4) + 1?
2
-1 - (-5 + -1) - (-7 - -10)
2
Evaluate 7 + (5 + -2 - 8).
2
5 + -5 + (9 - 13)
-4
Calculate -167 - -182 - (17 - 0).
-2
What is 2 + -4 + 8 - (-272 - -274)?
4
What is -8 + (7 - (-9 - -6))?
2
-1 - (8 - 5 - (3 - -1))
0
Calculate 7 - (4 + 1 + 2 + -3).
3
-8 + 4 + 7 + -5
-2
What is (-2 - (12 + -9)) + (-2 - 0)?
-7
Evaluate -4 + 13 + -8 - (-1 - -1).
1
What is the value of -2 - (-6 + 2 + -1)?
3
What is 25 + (7 - 20) - 10?
2
Evaluate 8 + -1 + (4 + -3 - 4).
4
1 + -5 + 4 + 1
1
Calculate (14 - 13) + -3 + -4 + 10.
4
What is the value of (-8 - -5) + 0 + 8?
5
Calculate -4 - (-20 - -8 - -11).
-3
Calculate (3 - 5 - 2) + 2.
-2
3 - 4 - -2 - 0
1
Calculate (4 + -13 - -4 - -2) + 7.
4
What is (-1 + -3 + 1 - 2) + 1?
-4
Calculate -3 + 10 - (2 + 2).
3
-25 + 20 + 10 + -2
3
Evaluate (-1 - (0 - 7)) + -6.
0
What is the value of -12 + 6 + -6 + 9?
-3
What is 0 + -3 - 6 - -6?
-3
Calculate (-1 - -4 - (3 - -3)) + 0.
-3
38 + -35 - ((-1 - -2) + 7)
-5
What is the value of -12 + -12 + 22 + (10 - 1)?
7
What is the value of -17 + 18 - (9 + -4)?
-4
What is 5 + (-2 + 6 - 12) + 5?
2
5 + 0 - (5 + -3)
3
Calculate (7 - 1) + 1 - (250 + -249).
6
(2 - (-1 + 5)) + 0 + -1
-3
What is the value of 7 + (-4 - -4 - 5) + 2?
4
2 + (2 - 10) + 4
-2
Evaluate (-5 - (7 - 6)) + 13.
7
13 + (-12 - -7) + 1
9
-15 + 12 + 4 + 3 + 1
5
Calculate -1 + (-7 - -9) - -2 - 6.
-3
Evaluate -11 + 7 + (-3 + 0 - 0).
-7
What is the value of 3 + 3 + -4 + 2?
4
Evaluate 1 + -7 + 0 + 11.
5
What is the value of (2 - -4) + -5 - (-2 - 0)?
3
-6 - -1 - -8